umber?
True
Suppose 3*x + 2*n + n - 47772 = 0, -3*n + 31851 = 2*x. Let t be 1/5 - x/(-45). Suppose 6*r = -0*r + t. Is r composite?
False
Let p be (-5)/2*((-12)/5)/2. Suppose -k + 0*q + 1051 = 3*q, 0 = -3*k + 2*q + 3186. Suppose -4*r - 4*g = -k, -p*g + 533 = -0*r + 2*r. Is r composite?
True
Let q(m) = -4044*m**3 - 5*m**2 + 2*m - 7. Let p be q(2). Is p/(-10) - (-6)/4 prime?
False
Suppose 3*i - 3*m - 9 = 0, -4*i = i - 2*m - 27. Let o be (-8 - -12) + 0 + -1. Suppose i*p = -o*p + 31990. Is p a composite number?
True
Let p(i) = -226166*i**3 - 2*i**2 - 89*i - 88. Is p(-1) a prime number?
False
Let m(a) = -29 + 624*a**2 + 22*a + 55 + 10*a + 72 + 53. Is m(-4) composite?
False
Let k(o) be the second derivative of o**5/20 + 5*o**4/3 - o**3 - 3*o**2 - 27*o - 1. Is k(-7) prime?
True
Suppose 0 = w + 2*w + 36. Is (8 - (-4134)/w)/((-2)/4) prime?
True
Let i be -3 + 8 - 30/(-1 - -6). Let j(y) = 15091*y**2 + 5*y + 3. Is j(i) a prime number?
False
Let c(q) = -3207*q + 73. Let t(u) = -4810*u + 110. Let x(b) = 8*c(b) - 5*t(b). Is x(-4) composite?
True
Let l(o) = 25*o - 11. Suppose -9*y - 22 = -112. Let m be l(y). Let f = 242 + m. Is f a prime number?
False
Suppose 11*w = -160 + 39. Let b(l) = l**3 + 11*l**2 + 2*l + 27. Let t be b(w). Suppose 2*u - 290 = 2*r, t*u - 443 = 2*u + r. Is u composite?
False
Let f(k) = 71*k**2 - 9*k - 9. Suppose -4*r + 15*r = 77. Is f(r) composite?
False
Let p(h) = -16*h**2 - 437*h - 187. Let n(a) = 11*a**2 + 291*a + 126. Let q(j) = 7*n(j) + 5*p(j). Is q(-34) composite?
False
Let d(p) = 67*p**2 - 101*p - 1447. Is d(-18) a composite number?
False
Let g = 26440 - 17919. Let y = -3602 + g. Is y a prime number?
True
Suppose 0 = -2*o + 8*o + 17*o - 6894733. Is o a prime number?
True
Let r(v) = -2*v**3 - 5*v**2 - 4*v - 5. Let u be r(-3). Suppose 5*j + 4 = -u, 3*t - 18892 = j. Suppose -13*m + t = -9*m. Is m composite?
True
Let q(d) be the third derivative of 0*d + 1/6*d**4 + 0 + 11/6*d**3 + 29*d**2 - 1/20*d**5 - 1/120*d**6. Is q(-6) a prime number?
False
Let v(f) = -45*f**3 - 730*f**2 - 33*f + 35. Is v(-23) prime?
False
Suppose -v + 9623437 = 9*r, -4*r + 3*v - 2*v = -4277086. Is r a composite number?
True
Suppose 6*a - 703 - 497 = 0. Suppose -3*l + 7*l - a = 0. Suppose -4*b + 26 = -l. Is b a composite number?
False
Let x(u) be the third derivative of 149*u**4/8 + 215*u**3/6 + 37*u**2. Is x(6) a prime number?
True
Suppose 7*u - 2*u - 21 = -4*l, -2 = -l + 2*u. Suppose 5*d - 47457 = -l*d. Is d a prime number?
True
Let t(g) = 13*g**2 - 105*g + 11. Let p be t(8). Is (-2 - 12936)*p*(-1)/6 a composite number?
False
Let l be 8 + -6*2/3. Suppose -l*g = -2*x - 6, 5*g - 7 + 37 = -5*x. Is -69*((-28)/6 - g) a composite number?
True
Suppose -4*h + 2*n + 37 = -3*n, 4*n = 5*h - 53. Suppose 17640 = 4*c + 4*a, 11*c + 8838 = h*c - 4*a. Is c composite?
True
Let k = -119 - -124. Suppose -k*p = -w + 16, 4*p = -0*p - 8. Is (-1)/(w/(-2210)) - (-4)/(-3) prime?
True
Let p(m) = -5*m + 69. Let f be p(13). Is (((-16)/20)/(-4))/(f/62180) a composite number?
False
Suppose 2*t - 6 = n, 2*t + 2 = -2*n + 4*t. Suppose -n*g = -2*g + 16. Is (-4)/g*-2 - (-1 - 1821) a prime number?
False
Let x = -70 + 86. Let i be (2 - x/(-4))*-1. Is 4 + 358*i/(-20)*5 composite?
False
Let h(f) = 108*f**2 + 22*f + 7. Let u(v) = -5*v - 103. Let c be u(-19). Is h(c) composite?
True
Let b(n) = -n - 1. Let v(s) = -22*s - 5. Let k(m) = 3*b(m) - v(m). Let l be k(-1). Let y(t) = -t**2 - 25*t + 23. Is y(l) a composite number?
True
Let c be -29*(-1 + (-5 - -3)) - 2. Let q = -83 + c. Suppose -q*m = -9*m + 43477. Is m a composite number?
False
Is (-72)/(-40) + (-126611592)/(-285) a prime number?
True
Let y(m) = 274*m**2 + 4*m + 5. Let i be y(-1). Suppose 0 = -3*h - 3, -i = -t - 5*h + 316. Suppose -38*w + 34*w = -t. Is w composite?
False
Let n(j) be the second derivative of 69/2*j**3 + 17/2*j**2 + 0 - 12*j. Is n(6) composite?
False
Let h(k) = 10*k**2 - 5*k - 3. Let t be h(-1). Is (t - 2)*(-804)/(-60) composite?
True
Suppose 0 = -9*c + 6*c + 3. Is 1374879/(-122)*c/3*-2 composite?
True
Let a be 5/(25/15)*1. Suppose 2*v = 4*x + 1202, v + 246 = -a*x + 872. Let h = 1464 - v. Is h a prime number?
True
Suppose 0 = 95*y - 89*y - 161832. Let q = y - 13537. Is q a composite number?
True
Let c = 25677 + -11384. Suppose 0 = 7*s + c - 74724. Let w = s - 4420. Is w prime?
False
Is (-12)/45 + (-714)/(-315) - 55919/(-1) a composite number?
False
Let x(d) = 42*d**2 + 126*d + 121. Is x(-30) a prime number?
True
Let s(a) = 9*a - 1. Let k be s(1). Let h(r) = -3*r + 32. Let x be h(k). Suppose 1038 = x*t - 6*t. Is t a prime number?
False
Let i be (-30)/(-4)*(-4)/(-6). Suppose i*m - 3*m = 40. Suppose -510 = -5*r + 3*r + 4*v, -5*v = -m. Is r a prime number?
True
Suppose 11*t = 13*t + 8. Is 44/12 + t - 73730/(-15) prime?
False
Let u be (0 + 0)/(-2*(-2)/(-2)). Suppose 3*o - 139 = -u*d - d, d + 5*o = 135. Is d a prime number?
False
Suppose 30*b + 83 = 413. Suppose -17*q + 57162 = -b*q. Is q a composite number?
True
Suppose 4*b - d - 5381 = 0, -5*d = -4*b - 0*d + 5385. Suppose r - 3*n = -0*r - b, 3*n + 4083 = -3*r. Let q = r + 3196. Is q a prime number?
False
Let u = -2468 - -4656. Let y = u + 840. Suppose -x - 3*x = -y. Is x composite?
False
Let c(l) = 3690*l - 1. Is c(10) a composite number?
False
Let i(w) = -63*w - 36*w - 34*w - 60 + 7. Is i(-19) a composite number?
True
Suppose -156*k + 2002051 = -3160769. Is k composite?
True
Let m = 55 - 59. Let z be (2543 - 3) + m + 4. Suppose -z = 7*p - 11*p. Is p a prime number?
False
Suppose -5*k - 10850 = -5*o, 5*o + 5*k - 6179 - 4711 = 0. Suppose 5*r - 3*q = 10892, -5*r - o = -6*r + 5*q. Is r a prime number?
True
Suppose -2*s = p - 260713, -128*s + 132*s = -4*p + 1042852. Is p a prime number?
True
Suppose l + 3*l - 17752 = 0. Let f = 8049 - l. Is f prime?
False
Let n(k) = 6*k - 62. Let j be n(11). Suppose 0 = -2*g - 2*g + 2*z + 45888, -g + 11463 = j*z. Is g a prime number?
True
Suppose -4*x = p - 64565, -2*p + 8*x - 9*x + 129095 = 0. Suppose -10*z + 9625 = -p. Is z a prime number?
True
Let g be 3/1 - (-1 - 3/3). Suppose 2*d + 4*w = 4665 + 13321, g*d - 45001 = 2*w. Is d a composite number?
False
Let p be (-3 + -1)/(-12) + 41/3. Suppose p*h = 11*h + 25395. Is h a composite number?
True
Suppose -16391 = 7*b - 42046. Is b a prime number?
False
Let m(y) = -y + 10. Let t be m(5). Suppose t*q - 34993 = 2*q - s, 5*q - s = 58327. Is q composite?
True
Suppose 3*v - 16137 = -l, -80723 = -5*l + 5*v - v. Is l prime?
False
Let z be (-7)/(-14) + 26/(-4). Let r = -137 - 40. Is r/(-3) + 6 + z prime?
True
Suppose -150086 = -2*a - 33412. Is a composite?
False
Is (-21)/(-196)*3815156 + -3 + (-207)/(-63) a composite number?
True
Let c be (2 - -2) + (572 - (-4 + -1)). Suppose -q - c = -3094. Is q prime?
False
Let o(l) = l**3 - l**2 - 13*l + 9. Let g be o(0). Suppose -g*y + 15888 = 4*q - 8*y, 5*y + 20 = 0. Is q a composite number?
True
Let g = 86 - 86. Is (6 - 14) + 9634 + g prime?
False
Suppose 4*t + 3*q - 14 = 0, 1 - 4 = t + 4*q. Is 747 + -4 + 7 + 0 - t composite?
True
Let t be (-11 + -1804)/(2 + 15/(-6)). Suppose 5*x - 2691 = -2*v + t, 0 = 5*v - x - 15816. Is v a composite number?
False
Let z be 2*(-2)/8*-10. Suppose -3*s + c = s + 16, -z*s - 20 = c. Is 62/(1 - s/4) composite?
False
Suppose -62*u = -59*u + 8*p - 642301, 2*p = 3*u - 642311. Is u composite?
True
Let r(i) = -4388*i + 9. Let h(u) = -4390*u + 7. Let f(q) = 5*h(q) - 4*r(q). Is f(-1) composite?
False
Let s = -4068 + 14519. Is s composite?
True
Suppose -5*o - 9*a + 7*a = -163683, 163679 = 5*o + a. Is o prime?
False
Suppose -65 = 29*s - 16*s. Let i(t) = -700*t + 57. Is i(s) composite?
False
Is (-2 - 798094/8 - -2)/(133/(-532)) a composite number?
True
Let s(l) = 17*l - 60. Let b(c) = -c**3 + 6*c**2 - 5*c + 1. Let j be b(2). Is s(j) prime?
True
Let h be 13 + -12 - (1 - 1). Let n be (-3)/9*(h + -1) - 991. Let m = -629 - n. Is m a prime number?
False
Let o = -7681 - -17100. Let a = 14280 - o. Is a a composite number?
False
Let l be 11/5 - (-2)/(-10). Suppose 261 = l*t + 179. Suppose -t*s = -36*s - 10775. Is s a composite number?
True
Suppose -9 = -h - 4. Suppose -h*q + 35 = 2*q. Suppose -2*v = -3*v + q*w + 169, 5*w = 3*v - 487. Is v prime?
False
Suppose -1945339 = -904*v + 893*v. Is v a composite number?
False
Let m(u) = -2*u**3 - 53*u**2 - 29*u - 60. Let 